ive v(x).
0
Let s(m) be the third derivative of -m**4/24 + 5*m**3/6 - 31*m**2. Let i = -3 + 6. Calculate s(i).
2
Let b(o) = -o**3 + 5*o**2 + 8*o + 2. Let y be 0 + -1*-3*2. Determine b(y).
14
Let m(s) = -s - 6. Let y be m(-7). Let d be ((-2)/6)/(y/(-3)). Let h(n) = -66*n**2 - 88 + 87 + 68*n**2. What is h(d)?
1
Let a(r) be the first derivative of -r**4/4 + r**3 + 7*r**2/2 - 6. Give a(5).
-15
Suppose -2*l - 2*l - 12 = 2*c, 27 = -3*l + 3*c. Let x(t) = 20*t - 8*t - 11*t. Give x(l).
-5
Let a = -3 + 4. Let u be a*(8/2 + -1). Let z(l) = -l**3 + u + 3*l**2 - l**2 - 1. Give z(3).
-7
Let b(c) be the first derivative of -5*c**2/2 - 3*c - 10. What is b(-2)?
7
Let p(g) = 2 + 3 - 4*g + 6*g**2 + g**3 + 6*g + 1. Calculate p(-6).
-6
Let q(l) = l**3 - l**2 - 1. Let c = -15 - -13. Determine q(c).
-13
Let t(p) = 7*p**2 + 3*p + 2. Let j(z) = -1 - 3*z**2 - 4*z - 2*z + 4*z. Let b(y) = -5*j(y) - 2*t(y). Determine b(-2).
-3
Let z(r) = -9*r + 23*r + 0 - 2. Let o be z(-2). Let s be o/(-8) - 1/(-4). Let c(x) = -2*x**2 + 5*x + 3. Determine c(s).
-9
Let z be 2 + 2/4*2. Let x(s) = -s**2 + 3*s - 1. Let j be x(z). Let h = -1 - j. Let b(d) = -d**2 - d + 2. What is b(h)?
2
Let v = 19 + -2. Let a = -12 + v. Let f(z) = 5*z**3 + 12*z**2 - 5*z. Let y(m) = -14*m**3 - 35*m**2 + 15*m - 1. Let q(d) = -17*f(d) - 6*y(d). What is q(a)?
6
Let x(n) = 5*n**2 + 3 - n**2 + n + n**2 + 4*n - n**3. Let f be x(6). Let v(w) = w**2 - 4. Calculate v(f).
5
Let p = 58 - 50. Let i(m) = -m**2 + 6*m + 1. Calculate i(p).
-15
Let k = -47 + 43. Let w(l) = -l**3 - 3*l**2 + 3*l + 3. Determine w(k).
7
Let j(q) = 6*q - 1. Let b be ((-2)/(-8))/(3/12). Let l be j(b). Let g(w) = -w**3 + 6*w**2 - 6*w - 5. What is g(l)?
-10
Suppose 4*x = 1 - 21. Let z(p) = p**2 + 4*p + 3. Let b(y) = y**2 + 4*y + 2. Let j(l) = -4*b(l) + 3*z(l). Determine j(x).
-4
Let w(t) = -5*t + 2. Suppose -3*o = -l - 5, -6 = -o - 3*o + 2*l. Suppose 1 = 3*f + 5*i, 4*f + o*i = -2*i + 4. Calculate w(f).
-8
Let u(v) = v**2 - 6. Let l(k) = -k + 4. Suppose 0*z + 16 = 4*z. Let j be l(z). Calculate u(j).
-6
Let l(c) = -c**2 + c + 1. Let g be l(0). Let u(t) = 2*t + 0*t + g - t. Let h(s) = -4*s - 8. Let b(i) = -h(i) - 2*u(i). Calculate b(-4).
-2
Let j(q) = -q**2 - q + 4. Let k = 7 - 5. Let x be -1 + k - (0 + 1). Give j(x).
4
Let q(n) = -n**2 + 1. Let l(p) = -p**3 + p**2 + 7*p - 4. Let u(s) = l(s) - q(s). Calculate u(4).
-9
Suppose 5*v - 12 = v. Let t(q) be the second derivative of -q**3/2 + q**2 - 5*q. Give t(v).
-7
Let f(z) = 2*z**2 + 1. Let u be f(1). Let s(p) = -2*p + 0 + 3 + 5 - 5. What is s(u)?
-3
Let n(r) = 5*r**2 - 4. Let h(p) = 4*p**2 - p - 4. Let l(y) = 3*h(y) - 2*n(y). What is l(3)?
5
Suppose -2*s + 1 = -7. Let f be (-2)/s + (-7)/2. Let n(a) be the second derivative of a**4/12 + a**3/3 - 5*a**2/2 - 6*a. Determine n(f).
3
Let y(m) = -m - 6. Let f(w) = w**3 - 6*w**2 - 11*w + 9. Let d be f(7). Let z = d - -15. Give y(z).
-2
Let m be -10*(0 - (-2)/4). Let d(j) = -7*j + 19. Let c(s) = 3*s - 9. Let g(q) = m*c(q) - 2*d(q). Let h be g(7). Let k(v) = -v**2 + v + 6. What is k(h)?
6
Let r(p) be the second derivative of 1/3*p**3 + 0 - 5*p + 0*p**2. Determine r(-1).
-2
Let f(u) = u + 7. Let y(p) = -11 - 4*p + p - 2. Let j(x) = -7*f(x) - 4*y(x). What is j(-2)?
-7
Let l(s) be the third derivative of 1/60*s**5 + 1/24*s**4 - s**2 + 3/2*s**3 + 0*s + 0. Give l(0).
9
Let y(h) = h + 2. Suppose -3*w - 47 = -2*t, -t + 0*t = -2*w - 31. Let g = -10 - w. Suppose -2*k + g*k - 12 = 0. Give y(k).
6
Suppose 4*n - 15 = u, n + 3*u - 9 = 11. Let b(h) be the third derivative of 1/4*h**4 - 1/60*h**5 - 7/6*h**3 + 0 - 2*h**2 + 0*h. Give b(n).
-2
Let w(u) be the second derivative of -u**5/20 + u**3/6 - 3*u**2/2 + 3*u. Determine w(0).
-3
Let x(q) = q**2 + 6*q + 1. Suppose 5*z + 34 = -2*l, -4*z = -l + 14 - 5. Give x(l).
8
Let a(j) = -2*j. Let h(z) = -z**3 - 2*z**2 + 3*z - 1. Let t be h(-3). Let p be t*(-3)/(9/(-12)). Determine a(p).
8
Let r be ((-4)/8)/(3/(-6)). Let y(x) = -6*x - 3 + r + 7*x**2 - 6*x**2. Calculate y(7).
5
Let o(x) = -x**2 + 3*x + 4. Let a be ((-6)/5)/(4/(-10)). Give o(a).
4
Let m(h) be the first derivative of 2*h + 3/2*h**2 - 1. Give m(-2).
-4
Suppose 2*d + 10 = 2*y, 3*y - 2*d + 6*d = 1. Let s = y + 1. Let a(i) = i**3 - 3*i**2 - 3*i - 2. What is a(s)?
2
Let n(d) be the first derivative of -d**2/2 + 1. Suppose m - 5 = 6*m. Let r be m/(-4) + 30/8. Give n(r).
-4
Let g be 2/2 + 3/1. Suppose g = 3*i - 2*i. Let t be 6/1*2/i. Let s(c) = c**2 - 5*c + 4. Give s(t).
-2
Suppose -m - 29 = 5*o - 8, -2*m - o = -3. Let d be (-25)/(-9) - (-2)/9. Suppose 0 = d*q - m + 1. Let v(a) = 4*a. Give v(q).
4
Let j(s) = -7*s - 5*s + s + 2*s + 6. Let f(c) = -3 + 2*c - c + 3*c. Let m(b) = -7*f(b) - 3*j(b). What is m(2)?
1
Let u(y) = y**3 - y**2. Let c(x) = x**2 - 3*x. Let s(h) = c(h) - u(h). Determine s(2).
-6
Let r(t) = 1 + 1 - t - 1. Suppose 1 = -3*s - 5. Let a = 0 - s. What is r(a)?
-1
Let s(v) be the third derivative of v**4/24 - v**3/3 - 9*v**2. Give s(-5).
-7
Let y(f) = 5*f - 2. Let l(k) = k + 7. Let c be l(-5). Determine y(c).
8
Let m(z) be the first derivative of -3*z**2 - 2*z + 2. Let p(u) be the first derivative of 7*u**2/2 + 2*u + 4. Let x(h) = -5*m(h) - 4*p(h). Give x(2).
6
Let r(a) = -a**2 + 4*a + 7. Let l be r(5). Let f(b) be the first derivative of b**3/3 - b**2/2 + 2*b + 43. Determine f(l).
4
Let m(n) = -10*n**3 + 2*n + 1. Suppose -3 - 2 = 5*b. Give m(b).
9
Let c(u) = -u**3 + 8*u**2 - 5*u - 9. Suppose 0 = -2*p + 4*j - 1 + 7, 2*j - 11 = -p. What is c(p)?
5
Let f(v) be the second derivative of 1/6*v**3 + 0 - 5/2*v**2 - 2*v. Give f(5).
0
Let g(x) be the third derivative of x**6/120 + x**5/12 + x**4/6 + x**2. Suppose -2*r - 3*r = 20. Calculate g(r).
0
Let x(n) = -n**3 - 4*n**2 + n - 4. Let d(g) = 12*g + 8. Let z be d(-1). Give x(z).
-8
Let m(z) = -3*z - 1. Let x(t) = -t. Let a(h) = -4*m(h) + 11*x(h). Let p be (-18)/4*(-6)/(-9). Let k be (-31)/6 - p/18. Calculate a(k).
-1
Suppose s + 4*s + 25 = 0. Let r(j) be the first derivative of -j**5/120 - j**4/24 - j**3 + 3. Let c(u) be the third derivative of r(u). Determine c(s).
4
Suppose -4*p - 8 = -8*p. Let y(j) = -3 - 2*j + 2 + 6*j - 2*j**p. Calculate y(3).
-7
Let v(s) = 6*s - 4. Let z(t) = -5*t + 4. Let x(i) = 3*v(i) + 4*z(i). Let p(o) = -o + 5. Let l(a) = -3*p(a) + 4*x(a). Determine l(1).
-4
Let f(m) = 0*m**2 - 2 + 0*m**2 - m**2 + m + 6. Give f(3).
-2
Let j(s) = -s**3 - 5*s**2 - 2*s + 2. Let v be (6 - 4)/4*-8. What is j(v)?
-6
Let j(m) = 4*m**3 - m**2 - 7*m + 2. Let x(l) be the first derivative of -2 + 5*l + 11/4*l**4 - 2/3*l**3 - 10*l**2. Let c(q) = -8*j(q) + 3*x(q). Calculate c(-3).
2
Suppose -19 = 3*u - 7. Let w(j) = -j**3 - 5*j**2 - 2*j + 1. What is w(u)?
-7
Suppose -3*k = -5*u + 2*u + 3, 5*k = -3*u + 27. Let i(x) = -k + 5*x**2 + 6*x + 5*x + x**3 - 7*x. Give i(-4).
-3
Suppose r = 2 + 3. Suppose 0 = 4*z + 7 - 15. Let h(x) = -2 - z + 2*x - 3 - x. Give h(r).
-2
Let l(r) be the third derivative of 2/3*r**3 - 1/8*r**4 + 1/60*r**5 + 0*r + 0 + 3*r**2. Give l(3).
4
Let q(o) be the first derivative of 4*o - 1/2*o**2 + 5. Calculate q(0).
4
Suppose -3*c = 4*m - 9, -6*c - 4*m = -4*c - 6. Let f(r) = r**2 - r - 4. Determine f(c).
2
Let j(w) = 5*w**3 - 1 + 3*w - w - 2*w**3 + 3*w**3. What is j(1)?
7
Let j(w) = w**2 + 1. Let g be j(-1). Let b be 5/g*8/10. Let z(v) = b + 3*v**2 - v**2 + v - 4 - 3*v**2. Give z(2).
-4
Let m(h) = -2*h**2 + 1 - 9 + h + h**2. Determine m(0).
-8
Let q(h) = h**2 - 5*h. Let r be (-6)/210*-7 - 24/(-5). Give q(r).
0
Let n(p) be the second derivative of p**5/20 + p**4/2 + p**3/2 - 7*p**2/2 - p. Suppose 0 = 2*z - 0 - 20. Let w be z/4*(-1 + -1). What is n(w)?
3
Let o be 0/((-5)/(10/4)). Let n = -16 + 18. Let v(x) = x**n - 4 + 1 + 8. What is v(o)?
5
Let k(s) = 3*s - 1. Let u = 17 - 12. Determine k(u).
14
Let z(j) be the first derivative of -j**4/4 + 4*j**3/3 - 5*j**2/2 + 2*j - 19. What is z(4)?
-18
Let t(m) = 2*m**2 - 4*m + 1. Let p = 16 + -10. Suppose 0 = 2*w - p. Calculate t(w).
7
Let m(v) = -4*v**2 + 12*v + 5. Let b(q) = -5*q**2 + 13*q + 5. Let l(g) = -5*b(g) + 6*m(g). Calculate l(-4).
-7
Let c(q) = -3*q**2 + 3*q + 1. Suppose 5*m + f - 13 = 0, m - 5*f - 19 = -6. Determine c(m).
-17
Suppose 2*j - j = 4. Let d(w) = -2*w + 6. Let u be d(-8). Suppose -u + 2 = j*v. Let p(a) = a**2 + 4*a + 1. Determine p(v).
6
Let s = 39 + -36. Let i(